*3/6 - c**2. Let y(i) = 2*i + 55. Let w be y(-30). Is s(w) composite?
False
Let t(a) = -412*a**3 + 4*a**2 - 13. Is t(-2) composite?
False
Suppose 7*r = 216 + 43. Let a = r + -28. Let g(u) = 8*u + 15. Is g(a) composite?
True
Let r = 194 + -80. Let k be (-530)/(-110) - (-2)/11. Suppose k*q - 1010 = x, -1119 = -5*q + 2*x - r. Is q prime?
False
Let d = 273 - 190. Let f be (1401/12)/(9/(-36)) - 7. Let y = d - f. Is y a composite number?
False
Let l(f) be the third derivative of f**6/120 + f**5/60 + f**4/12 + 865*f**3/6 + 3*f**2 - 14*f. Is l(0) a prime number?
False
Is ((-44)/(-242) + (-153)/(-66))/(5/214364) prime?
False
Suppose 0 = -320*s + 269*s + 9514101. Is s prime?
True
Let d(q) = 612*q**2 + 77*q - 33. Is d(8) prime?
False
Let r be (3/(-9))/(2*3/(-72)). Suppose -7*b = -r*b + 24. Is (b/(-12)*-1497)/(-2) composite?
False
Suppose -h + 0*h - 2 = 0, -672 = -2*x + 3*h. Let u(k) = -k**3 + 8*k**2 + 23*k - 47. Let v be u(9). Suppose 2*q + v = x. Is q a prime number?
True
Let p(b) = 625*b - 61. Let w(f) = -1. Let i(s) = p(s) - 2*w(s). Is i(16) a composite number?
False
Suppose -2*u - 636 = -5*u. Let c be 7/((-28)/544) + 6/1. Let y = c + u. Is y a prime number?
False
Suppose -3*j - 48 = 3*l, 0*l + 3*l + 66 = 3*j. Let a(g) = -g**3 + 19*g**2 - 12*g - 73. Is a(l) composite?
False
Suppose 626*j - 3697506 = 309*j + 299*j. Is j composite?
False
Let h = 11397 + 32062. Is h composite?
True
Let m = 28034 + 282957. Is m prime?
False
Let j = 6128 + 10770. Let y be j/4 + -7 + 91/14. Let h = -2717 + y. Is h prime?
False
Suppose -18*z = -36326 - 64888. Is z prime?
True
Suppose -2*l - 6 = -4*v, 4*v = 4*l - l + 9. Is 2847 + ((-17)/7 - l/7) composite?
True
Suppose -187 = -22*l + 39*l. Is (-132824)/(-6)*(l + (-329)/(-28)) a prime number?
True
Is (-3*2/4)/((-12)/231208) a composite number?
False
Suppose -5*f - 4*g = -1712023, -4*g = -f + 314873 + 27546. Is f a composite number?
True
Is (-20862215)/(-17) - (5/(-65) + 430/2210) a prime number?
False
Suppose 86*s + 4179 = 79*s. Let f = 874 - s. Is f a prime number?
True
Let g = -580 - -307. Let r = -493 - g. Is (449/(-2))/(22/r) a composite number?
True
Suppose j - 116043 = -135*q + 130*q, -3*j - 2*q = -348181. Is j prime?
False
Suppose 462*c - 429*c - 34944393 = 0. Is c prime?
True
Let f(i) = -i + 35. Let g be f(3). Suppose -23*x = -g*x + 170523. Is x a composite number?
False
Let v(w) = w**2 + 3*w - 5. Let c be v(-5). Let q(m) = -5*m**2 + 78 + 16*m**3 - 75 - 12*m + 0*m**2 + m**2. Is q(c) a prime number?
False
Let w = 109310 + -25753. Is w a composite number?
False
Suppose -4*y + 26452 = -4*g, 3*g - 58 = -70. Is y a prime number?
False
Let n(a) = 10*a**3 - a**2 - a. Let m be n(2). Suppose -4*t = -4, 33 - 15 = 4*w + 2*t. Suppose -w*z = -2*z - m. Is z a prime number?
True
Suppose -45*u = -46*u - 5. Let r(w) = 106*w**2 - 5*w - 28. Is r(u) a composite number?
False
Suppose 2*q - 4*q = -598. Suppose 0 = 4*u - 6 - 10. Suppose 1857 = 5*o - 4*d, 1185 = 4*o - u*d - q. Is o a prime number?
True
Suppose 10 = -v + 3*v, w - 61 = -5*v. Is (-15135)/(-10)*w/27 composite?
True
Let c = -92 + 95. Suppose c*n - 952 = -v, 0 = -4*v + n - 2164 + 6037. Is v a prime number?
True
Is 1 - (-37)/(37/691366) a prime number?
False
Let j(n) = -n**2 + 6*n - 3. Let l be j(3). Suppose -4*d - 14 - l = 4*k, -2*k + 3*d = 5. Is 746 - 1 - k/(-2) a prime number?
True
Let c(y) = -y - 3. Let t be c(-9). Suppose 2*u = g + 9402, 5*u + 2*g + 4695 = t*u. Is u prime?
True
Let d = -71 - -73. Suppose 5*a - 4*y + 8 = 0, 0 = a + y - d. Suppose a = 110*z - 106*z - 5516. Is z a composite number?
True
Suppose -l - 3*s + 6 - 1 = 0, 5*l = 3*s + 7. Suppose -17 = 5*t - 2, l*n = 4*t + 6442. Is n a prime number?
False
Suppose 1127*l = 825*l + 97775218. Is l composite?
False
Let n = -101 - -105. Suppose -m - 10 = -j, -n*j - 5*m + 8 - 4 = 0. Suppose -j*b - 7301 = -13*b. Is b a composite number?
True
Suppose -270*j + 272*j = 134878. Suppose -6*k - 11*k + j = 0. Is k prime?
True
Let m(n) = -5 - 18 - n**2 + 21*n - 37*n. Let y be m(-14). Suppose -3*p + 1795 = 4*o, 1188 = y*o - 3*p - 1076. Is o composite?
True
Let i(z) = -z**2 - 12*z + 67. Let p be i(-16). Suppose -2*f - 2*f + 18 = -5*t, 14 = 2*f - 5*t. Suppose 0 = f*s - p*s + 15. Is s a composite number?
True
Let r(h) = -3225*h + 57 - 167 + 870*h - 2927*h - 159. Is r(-5) composite?
False
Let z(i) = -i**3 - 10*i**2 - 8*i + 6. Let c be z(-9). Let n(m) = 659*m**2 + 8. Is n(c) a prime number?
True
Let j(v) = -141*v**3 - 20*v**2 - 65*v - 279. Is j(-17) composite?
False
Let k(y) = 289*y - 5. Let o(d) = 290*d - 7. Let q(b) = -2*k(b) + 3*o(b). Suppose 4*f - 7 - 5 = 0. Is q(f) a prime number?
False
Let q(k) = 6*k**2 - 6*k + 8. Let d be q(4). Suppose -p - 32 = d. Let y = p - -189. Is y a composite number?
True
Let x be ((-12)/(-9))/((-1)/96). Is 8/x*52*(0 + -2276) composite?
True
Let c = -314842 - -446859. Is c a composite number?
True
Let p(v) = -v**2 - 29*v + 187449. Is p(0) prime?
False
Let i(j) be the first derivative of j**3/3 - j**2/2 - 8*j - 4. Let z be i(4). Suppose v + 4*l + 109 = z*v, -5*v = 4*l - 235. Is v a composite number?
False
Suppose -64*l = -50048 + 6656. Let p be 36/10 + (-2)/(-5). Suppose -2*s + 4*s - 2*v - l = 0, v = -p*s + 1366. Is s composite?
True
Let i = -6341 - -10088. Suppose -5*o - i = -4*g, -14*o = -5*g - 11*o + 4674. Is g composite?
True
Suppose -3*k + 1794 = -3*v, -k + 5*v - 1778 = -4*k. Suppose -k = -2*i + 3*z - z, 5*i - 1478 = z. Suppose -g + i + 964 = 0. Is g composite?
False
Let s be (-4)/(-2) - 12/6. Suppose 2*w - 4454 = 4*c, -4*w + s*c + 2*c = -8926. Let t = w + -438. Is t composite?
True
Let d(i) = -i**3 + i**2 + 8*i - 6. Let h be d(5). Let k = h - -65. Is (26190/(-24) + (-3)/(-12))*k a composite number?
False
Suppose 0 = -17*m + 13*m + 12. Suppose 0 = -g - m*g - 132. Let j = g - -52. Is j a prime number?
True
Suppose 0 = 2*d + c - 13, 7*d - 8*d = -2*c - 19. Is -3 - (-7106 + -5 + -4 + d) a composite number?
False
Let s(z) = 459*z**2 + 39*z - 185. Is s(13) composite?
False
Let u be (-2)/((2/(-5))/((-27)/(-45))). Suppose -1 = 2*g - 7, 3*k - 8277 = 5*g. Suppose u*n + k = 7*n. Is n a composite number?
False
Let j(s) = s - 18. Let c be j(20). Suppose c*r = 53700 + 1228. Is (-3)/15 - r/(-20) a prime number?
True
Is 190/(-114)*(-192651)/5 a prime number?
True
Suppose -241389 = -15*g - 126927 + 570423. Is g prime?
True
Let f = 38056 - 13834. Suppose 140*l - 134*l = f. Is l a prime number?
False
Let i(y) = 472000*y**3 - 2*y**2 + 6*y - 7. Is i(1) a composite number?
False
Suppose 15*g - 147348 + 43848 = 0. Let c = -4459 + g. Is c composite?
False
Suppose 3*d = -2*m + 22, 39*d = 34*d + m + 28. Suppose 6*v = -d*v + 12492. Is v composite?
True
Let c = -39037 - -81318. Is c composite?
False
Let c = 391 - 401. Is 197/((4/c)/(986/(-145))) a composite number?
True
Let x(q) = -3679*q - 149. Is x(-4) prime?
False
Is 13082 + 77*(-14)/(-98) prime?
True
Suppose 0 = -29*s + 241 - 38. Suppose -s*b + 159331 = 49452. Is b prime?
False
Let k be 18/(52/8 - 5). Let x(q) = -2*q - q - 29 + 13*q**2 + 2*q + 2*q**3 - 3*q**3. Is x(k) a composite number?
False
Let g = 16343 + 4010. Is g a composite number?
False
Suppose 102*o - 36 = 114*o. Is (o + 19666/4)*(-8)/(-4) composite?
True
Is (-10094323)/(-123) - (-4)/(-6) a prime number?
True
Let b(h) = 154*h**2 + 17*h - 495. Is b(20) a composite number?
True
Let a(y) = -y**3 - 15*y**2 + 18*y + 32. Let d be a(-16). Suppose -3*o + 5722 = 2*q - 8*o, d = -3*q + 2*o + 8583. Is q a prime number?
True
Suppose -828217 - 1245018 = -17*a. Is a a composite number?
True
Let k(u) = 466*u + 21. Suppose -3*h = -0*h - 15. Let n(f) = 699*f + 32. Let c(j) = h*n(j) - 7*k(j). Is c(6) a composite number?
True
Let t(z) = z**3 - 12*z**2 - 27*z - 7. Let g be t(14). Is (5 - 28609)*g/(-28) a prime number?
True
Is -3 + (-90)/(-35) - (-471152)/56 composite?
True
Is 78066/(-4)*422/(-633) composite?
True
Let g(x) = 130*x**2 + 186*x + 3243. Is g(-16) a composite number?
False
Let k be 1/(1628/(-4158) + 6/14). Suppose j - 1911 = -29*g + k*g, 2 = -g. Is j a composite number?
True
Let w(p) be the first derivative of 203*p**2 + 63*p - 152. Is w(11) composite?
True
Suppose -117723 - 13442 = -5*t. Suppose -s - 21508 = -3*c, 4*c - s - t = 2446. Is c a composite number?
True
Is (-4)/(-10 - (-2477394)/247743) composite?
False
Let r(j) = -